 c - -30. List the prime factors of u.
17
Suppose 3*k = -2*k - 235. Let p = -25 - k. List the prime factors of p.
2, 11
Suppose -45 = 4*b + b. Let n = b + 19. List the prime factors of n.
2, 5
Suppose 96 = 2*n + n. Suppose -q - 3*q = -n. Let r = q - -3. List the prime factors of r.
11
Let n = -564 - -249. What are the prime factors of ((-2)/(-6))/((-5)/n)?
3, 7
Let z(l) = 2*l**2 - 8*l - 8. Let g be z(-6). Suppose -3*d - 2*t + g = 0, -4*t + 28 = d - 16. Suppose d = 4*b - b. List the prime factors of b.
2, 3
Let s(d) = 2*d**2 - 5*d + 1. What are the prime factors of s(-10)?
251
Let x = 5 - 2. Suppose -14 = v + 5*j - 2, -2*v - x*j = 3. List the prime factors of ((-2)/v)/(10/(-135)).
3
Let q = 294 - 7. What are the prime factors of q?
7, 41
Let i = 17 - 13. Let m = 12 - i. List the prime factors of m.
2
Let d be 2/(-5) + (-260)/(-25). Suppose 5*q + d = 4*j - 34, -55 = -5*j - 4*q. List the prime factors of j.
11
Let z = 33 - -1. What are the prime factors of z?
2, 17
Suppose 42 + 118 = 2*k. Suppose -6*w + 2*w = -k. List the prime factors of w.
2, 5
Let t(f) = -1. Let d(q) = -q + 3. Let p(i) = -d(i) - 3*t(i). Let v be (5 - 4)/((-1)/(-2)). List the prime factors of p(v).
2
Suppose -w - w + 190 = 2*j, 0 = -3*w + 4*j + 285. List the prime factors of w.
5, 19
Let c(z) = z**2 - 8*z - 2. What are the prime factors of c(9)?
7
Suppose c - 6 + 1 = 0. Let u = 25 + c. List the prime factors of u.
2, 3, 5
Let r = -6 + 44. What are the prime factors of r?
2, 19
Let f be (0/((-4)/(-2)))/(-2). What are the prime factors of (-4 + f)/2 + 14?
2, 3
Suppose 0 = 3*b + 2*a + 8 - 0, 4*b - 4*a + 4 = 0. Let j(l) = -2*l**3 - 4*l**2 - l + 2. Let w be j(b). What are the prime factors of w - (1 + (-2 - 2))?
7
Suppose 4*x - 5 + 29 = 0. Let q = 7 - x. List the prime factors of q.
13
Suppose 13*m = 9*m + 656. What are the prime factors of m?
2, 41
Let y be (-20)/12*1*3. Let n = y + 7. List the prime factors of n.
2
Suppose 3*v - 21 = -5*i, 4*i - v - 30 = v. Let u(y) = i*y + 0*y + 0 - 1. What are the prime factors of u(2)?
11
Let z(b) = b**2 - 6*b. Let t be z(3). Suppose 5*y - 52 = y. Let l = t + y. What are the prime factors of l?
2
Suppose -2*s - 7 = -1. Let y(n) = -n - 17. Let a be y(-15). What are the prime factors of (-82)/(-6) - a/s?
13
What are the prime factors of 70 - (-1 + -2)/(-3)?
3, 23
Suppose -5*b + c + 22 = -0*b, 3*c - 14 = -b. Suppose 0*i + 76 = 5*f + i, 4*i = -b*f + 64. What are the prime factors of f?
2
Let m(s) = 3 + s**2 - s + 2 + 0*s**2 + 2. Let c = 5 - 5. List the prime factors of m(c).
7
Let m(p) be the first derivative of 6*p + 1/3*p**3 + 2*p**2 - 1. What are the prime factors of m(-5)?
11
Let i(g) = 11*g**3 - 6*g**2 - g - 8. List the prime factors of i(3).
2, 29
Let f(v) be the first derivative of v**4/4 + 16*v**3/3 - v**2 - 19*v - 6. List the prime factors of f(-16).
13
Let z(v) = 12*v - 2. What are the prime factors of z(1)?
2, 5
Let z(r) = -8*r + 2. Let v be z(-2). List the prime factors of (-7)/(147/v)*-21.
2, 3
Let p be 122/4 - 1/(-2). Suppose -p = 2*t - 3*t. What are the prime factors of t?
31
What are the prime factors of ((-10)/15)/((-1)/15)?
2, 5
Let i = -44 - -71. Let w be 2*3/(-9)*i. List the prime factors of 86/18 - 4/w.
5
Let g = 4 - 3. Suppose u - 6 = g. What are the prime factors of u?
7
Let m(k) = -k**3 + 3*k**2 - 2*k + 1. Let h be m(2). Let d = -14 - -25. What are the prime factors of (d/h)/(3/6)?
2, 11
Suppose -z + 2*z = 0. Suppose -5*s - 53 - 72 = z. List the prime factors of 5/s + 82/10.
2
Let d(n) = -2*n + 17. Let q be d(7). Let w(t) = 2*t**3 + t**2 - 2*t - 7. What are the prime factors of w(q)?
2, 5
Suppose g - 117 = 17. List the prime factors of g.
2, 67
Let h(d) = -d**3 + 8*d**2 - d + 11. Let r be h(8). Let o be 2 - ((-3)/(-3) - r). Suppose -o*l = -3*l - 2. What are the prime factors of l?
2
Suppose 8*b - 3*b - 160 = 0. Suppose 4*r + b = 4*z, -4*r - 4 = -z - r. List the prime factors of 33/5 - (-4)/z.
7
Let a(i) = 0*i**3 - i - 2 + i**2 + 3*i**3 - i**3. List the prime factors of a(2).
2
Let m(g) = 2*g - 4. Let f be m(3). List the prime factors of (-5)/(-1 - (-1)/f).
2, 5
Let l(o) be the third derivative of o**6/120 - 2*o**5/15 - o**4/3 - o**3 + 4*o**2. What are the prime factors of l(9)?
3
Let l be -1 - (-2 + (-4 - -1)). Let h(f) = f**2 + f**2 - 8*f + l*f. What are the prime factors of h(4)?
2
Suppose -3*n = 4*l - 18 - 12, l + 10 = n. Let d = n + -5. Suppose 0*x + 45 = d*x. List the prime factors of x.
3
Let a = -70 - -81. List the prime factors of a.
11
What are the prime factors of (-4992)/(-72) + (-2)/6?
3, 23
Let d be (-6)/15 - (-272)/5. Suppose 7*k + 3*s = 2*k + 76, -4*k + s = -d. What are the prime factors of k?
2, 7
Let g = 6 - 1. Suppose g*k = u + 64, -u - u = -3*k + 37. List the prime factors of k.
13
List the prime factors of 16 - -186 - 2*-2*1.
2, 103
Suppose -5*r + 2*k + 0*k = -1244, -r + 3*k = -241. What are the prime factors of r?
2, 5
Suppose -h - 4*h = 0. Suppose 5*y - 2*p + 22 = -0*y, p = -5*y - 19. Let j = h - y. What are the prime factors of j?
2
Let x = -10 - -18. Suppose 0 = -x*t + 3*t - 30. What are the prime factors of (-37)/(-3) + 2/t?
2, 3
Let i = 4 - 1. List the prime factors of 2 - (0 - i - 14).
19
Suppose -4*v + 138 = 3*d, 3*v + 123 = 3*d + 2*v. Let n = d - 25. List the prime factors of n.
17
Let d be ((-2)/(-3))/((-10)/(-15)). Let a be 3 - (-2 + d)*0. Suppose a*j = -2*x + 32, x + 3 - 4 = 0. List the prime factors of j.
2, 5
Suppose -i = 3*i + 20, 4 = 4*a + 4*i. Suppose -a*s + s = -10. What are the prime factors of (5 - (-3)/(-3))/s?
2
Suppose 5*m = -3*y + 182, -m = -2*m - 3*y + 34. Suppose -b - 11 = -z + b, 3*z - m = 5*b. What are the prime factors of z?
19
List the prime factors of (-15)/(-6) + 670/20.
2, 3
Suppose -5*y + 2*t + 30 = 0, -2*y - 5*t = y + 13. Suppose 5 = v - q, -3*q + 13 + 14 = y*v. What are the prime factors of v?
2, 3
Suppose -m + 115 = 5*f + 4*m, 0 = f + 2*m - 28. Let k = f + -3. List the prime factors of k.
3, 5
Suppose 43 = 2*p - g + 17, 0 = 3*p - 4*g - 49. List the prime factors of p.
11
List the prime factors of (-248)/(-6)*(-18)/(-12).
2, 31
Let l(p) = p**2 - 17*p + 24. What are the prime factors of l(-10)?
2, 3, 7
Suppose -25*f = -26*f + 48. What are the prime factors of f?
2, 3
Suppose 2*o - 30 = 2*n, -n - 4 = n. What are the prime factors of o?
13
Let v(r) = r**3 + 9*r**2 + 3*r - 1. Let u be v(-8). Suppose 6*b - u = 81. List the prime factors of b.
2, 5
Let p = 35 - 17. What are the prime factors of p?
2, 3
Let n(q) = q**3 + 5*q**2 - 2*q - 6. Let y be n(-5). Suppose 19 = y*a - 9. List the prime factors of a.
7
Suppose 9*v + 152 = 1601. What are the prime factors of v?
7, 23
Let c = -22 - -38. Suppose -5*j - 4*r = -75, j = -0*r - r + c. List the prime factors of j.
11
Suppose 5*s - 690 = 2*r, 2*s - r = 2*r + 276. What are the prime factors of s?
2, 3, 23
Let r(o) = -o**3 + 5*o**2 + 2*o + 3. List the prime factors of r(5).
13
Let y = 47 + -9. Suppose n = -n + y. List the prime factors of n.
19
Let s(a) = a + 27. What are the prime factors of s(-14)?
13
Let d = 4 - -43. List the prime factors of d.
47
Suppose -p + 4*p + 4*y - 51 = 0, 4*p - 4*y - 96 = 0. What are the prime factors of p?
3, 7
Let v(w) = 5*w**3 - w**2 + 2*w. List the prime factors of v(2).
2, 5
Let j = 65 - 38. Let y be 6/j - 20/9. Let b = 3 - y. What are the prime factors of b?
5
Suppose -58 = -2*o + 2. List the prime factors of o.
2, 3, 5
Let k(t) = 26*t**2 - 22*t. What are the prime factors of k(4)?
2, 41
Suppose -10 = -0*i - 5*i. List the prime factors of i.
2
List the prime factors of (3/4)/(3/144).
2, 3
Let m be -3 - (-17 + 3 + -1). What are the prime factors of (-2)/4 - (-150)/m?
2, 3
Let g(i) = -6*i + 9. Let n be g(6). What are the prime factors of n/3*(-2 - -1)?
3
Let b = 1092 - 737. What are the prime factors of b?
5, 71
Suppose 4*n + 13 = 4*s - 67, 4*s - 8 = 0. Let h = n - -26. Suppose 4*j - 3*j - 4*k = h, 0 = -5*k + 5. What are the prime factors of j?
2, 3
Let r(u) = u**2 + 13*u - 11. What are the prime factors of r(-16)?
37
Let f = 13 + -13. Suppose 4*t - 52 = 2*g, -2*t - 5*g + 50 = -f*g. List the prime factors of t.
3, 5
Let n(t) = -t**3 - 14*t + 2 + 5*t - 13*t**2 - 3*t. List the prime factors of n(-12).
2
Let s be -3*1/(-3)*0. Suppose 0 = u - s - 5. Let l = u + -1. What are the prime factors of l?
2
